15 + 21). What is the greatest common factor of g and 396?
9
Suppose -2*n + 422 = 5*y - 3*n, 88 = y - 2*n. Let x = 88 + -79. Let q be x/2*210/45. What is the highest common divisor of y and q?
21
Let p be (-4 + (-3)/1)*79. Let k = 575 + p. Let l = -47 - -69. Calculate the highest common factor of l and k.
22
Let o(v) = v + 24. Let h be o(-21). Suppose h*g + 144 = 9*g. Calculate the highest common divisor of 84 and g.
12
Let c be 1/((-3)/(20574/2284) - (-184)/552). What is the highest common factor of c and 127?
127
Suppose -2*w + 2426 - 8646 = -2*b, 8 = 4*w. What is the highest common factor of 8 and b?
8
Let b be (-2436)/29*(-30)/7. What is the highest common factor of b and 1170?
90
Let d(n) = -2*n**2 - 10*n + 546. Let h be d(-18). What is the highest common factor of 165 and h?
3
Let v(w) = 744*w + 6119. Let g be v(-6). What is the greatest common divisor of g and 10?
5
Let l be 144/189*3*7/2. Suppose l*q - 1312 + 32 = 0. Calculate the greatest common factor of 20 and q.
20
Suppose -15*x + 120 = -5*x. Calculate the greatest common divisor of x and 255.
3
Suppose -2*f + 92 = -0*f. Let n(z) = 544*z - 988. Let k be n(3). Calculate the greatest common factor of f and k.
46
Let j be 0 + 0 + 1 + 50. Suppose -205 = 6*r - 223. Suppose -3*c = 9, r*d + 5*c + 428 = 2096. What is the greatest common divisor of d and j?
51
Suppose 3*b = 7 + 5. Let x(p) = -p**2 + 30*p + 49. Let f be x(18). Let y = -249 + f. What is the highest common divisor of b and y?
4
Suppose 0 = -2*f - x - 2*x - 7, -4*x = -5*f + 40. Suppose -2*s + f*p = 9*p - 74, 0 = 4*p - 8. What is the highest common factor of s and 32?
32
Let i(m) = m**3 + 8*m**2 + 7*m + 11. Let b be i(-7). Let k = b + -10. Let z be (0 - -46) + 1 + k. Calculate the highest common divisor of 24 and z.
24
Let o = -33 + 32. Let b be o - ((-330)/(-3) - (1 + -2)). Let s = 189 + b. What is the highest common divisor of 11 and s?
11
Let i be 32994/135*(-5)/(-1). What is the highest common factor of i and 494?
26
Suppose 5*h + 2*z + 2*z - 15 = 0, 0 = h + 2*z - 3. Suppose -p - 5 = 0, h*n - 1 = -5*p - 131. Let a = 55 + n. What is the greatest common divisor of 160 and a?
20
Suppose 267*x - 263*x = 2336. Calculate the greatest common divisor of x and 120.
8
Let d = -923 + 1216. Suppose 4*f + 16 = 0, 2*v - 3*f - 1355 = -d. Calculate the greatest common factor of 21 and v.
21
Let z(v) = -v**3 - 2*v**2 + 3. Let f be z(-4). Let w be (15/(-1))/3 + 10. Suppose -w*h = -64 + 14. What is the greatest common divisor of f and h?
5
Suppose -75*b + 560901 = 18051. Calculate the highest common divisor of b and 126.
14
Let x(d) = 2*d + 1 + 363*d**3 - 3*d**2 + 3*d + 1 - 365*d**3. Let f be x(-3). Calculate the highest common divisor of 7 and f.
7
Suppose -54*g + 50*g = -24. Let c be 33/(-4)*(-64)/g. What is the highest common divisor of 11 and c?
11
Let z be ((-1396)/(-6) + 6/(-9))*2/4. What is the greatest common divisor of 1189 and z?
29
Let m(o) = o**2 + o - 17. Let q be m(-5). Suppose 3*g - g = 5*j - 17, -q*j + 5*g = -14. What is the highest common divisor of j and 1?
1
Suppose 0*z - 6*i = 2*z - 324, -4*z + 5*i + 580 = 0. What is the highest common divisor of z and 1450?
50
Let y(g) = -299*g + 338. Let b be y(-5). What is the highest common factor of b and 78?
39
Let v be (2 + 0)/((18/(-15))/(-3)). Suppose 2*m - v*m - 201 = -4*i, -226 = -4*i - 2*m. Calculate the greatest common factor of 18 and i.
18
Suppose -3*s = 5*a + 1132, -a = -4*s - 13 + 244. Let c be 0 + 3 - (a + 15). Calculate the greatest common divisor of c and 43.
43
Let h(l) be the first derivative of -l**4/4 - 16*l**3/3 + 18*l**2 + 10*l + 262. Let o be h(-18). What is the greatest common factor of o and 235?
5
Let y be (-2 + -88)*1088/(-96). Suppose 0 = 3*p - 3*r - y, 2*p - 1367 = -2*p - 3*r. Calculate the greatest common divisor of p and 62.
31
Suppose 5 = -f, 7 = -7*z + 4*z - 2*f. Suppose 753 = 29*t - z. Calculate the highest common factor of t and 689.
13
Let g = 18997 - 18703. What is the highest common factor of g and 1344?
42
Suppose 0 = 3*i - 17 + 8. Suppose -4*b + i*x = -52, -20*b = -25*b - x + 46. Calculate the greatest common factor of b and 16.
2
Suppose -60396 = -4*w - 19*w - 9474. Calculate the highest common divisor of 162 and w.
54
Let g be 2*2/(-4) - -12. Let h = -687 - -666. Let n be ((-15)/(-10))/(1*h/(-616)). What is the highest common divisor of n and g?
11
Suppose -2*p + 3*p = -3*u + 465, 0 = 4*u - 2*p - 610. Suppose -u = -3*z + 4*o, 4*z + 4*o = 32 + 136. What is the greatest common divisor of z and 184?
46
Let j = 59880 + -27596. Calculate the greatest common factor of j and 28.
28
Suppose 33*k - 84 = 19*k. What is the highest common factor of k and 12?
6
Let a = -4907 - -5287. Calculate the highest common factor of 57 and a.
19
Let p(v) = 19*v - 254. Let i(o) = -19*o + 250. Let f(s) = 5*i(s) + 6*p(s). Let w be f(15). Calculate the highest common factor of 99 and w.
11
Let v = 1587 - 707. Suppose -4*c + v = 4*p, 3*c - 104 = -2*p + 332. Suppose -5*x + 128 = -x. What is the highest common divisor of x and p?
32
Let o(i) = 14*i**2 - 28*i - 28. Let x be o(-1). Calculate the greatest common divisor of x and 413.
7
Suppose -3*f - 31 = 17. Let t be f/(-1 - 2/(-4)). What is the highest common divisor of 6 and t?
2
Let s(w) = 2*w**3 + 55*w**2 - 20*w - 110. Let r be s(-27). Calculate the highest common factor of 122 and r.
61
Suppose -5*u + 11 = z - 0*z, 5*z + 20 = 0. What is the highest common factor of u and 125?
1
Let x = -368 - -381. Suppose 0 = -19*t + 15*t - 3*k + 8, 2*k = t - x. Let z = 12 + -7. What is the highest common factor of t and z?
5
Suppose 0 = -2*d + 10, 4*n + 3*d + 37 + 12 = 0. Let u be (n/(-6))/((-4)/(-84)). Let x = -743 + 759. What is the highest common factor of u and x?
8
Let i = 415 + -387. Let d be (-21)/i*-6*(-2)/(-9). Let t = -12 + 21. What is the greatest common divisor of t and d?
1
Let y(i) = 4*i**2 - 47*i - 892. Let l be y(-30). What is the greatest common divisor of l and 290?
58
Suppose -c + 6 + 1 = 0. Let n(x) = -x**3 + 30*x**2 - 28*x - 43. Let z be n(29). Let p = 70 + z. What is the greatest common divisor of c and p?
7
Let w(u) = 332*u**2 + 53*u - 45. Let t be w(1). Let i be (-1053)/(-52) + 1/(-4). Calculate the greatest common divisor of t and i.
20
Let k be 8/6 + -534*30/(-135). What is the highest common divisor of k and 4170?
30
Suppose -5*y - 3*h + 105 = -0*h, y + 3*h - 9 = 0. Suppose -3*n + 1 = -2. Let t be n*(60 - 0/4). Calculate the highest common divisor of t and y.
12
Let w = 19 + 41. Suppose -69*j + 40 = -51*j - 32. Let y be 70/j*w/75. What is the highest common factor of y and 70?
14
Let a be ((-30)/9)/(2 - 44/21). Suppose -238*u - 40 = -240*u. Calculate the greatest common divisor of a and u.
5
Let k(t) = 28*t + 1296. Let v be k(-45). Calculate the greatest common divisor of 468 and v.
36
Let f = 32 - 5. Let x(b) = 7*b - 20. Let v be x(5). Suppose 2*t = -t + 3*d + v, -22 = -2*t - d. Calculate the highest common factor of f and t.
9
Let n be 82/4 + (-1)/(-2). Let j = -21435 - -21456. Calculate the greatest common factor of j and n.
21
Let h(j) = 10*j - 15. Let i be h(6). Suppose 5*r - 60 - i = 0. Suppose 13*y - 42 = 10*y + 3*c, 2*c = 0. Calculate the greatest common divisor of y and r.
7
Let q be ((-5)/(-10))/((-2)/(-320)). Suppose 355*w + 999 - 2774 = 0. What is the highest common factor of q and w?
5
Let x = 646 - 646. Let b(s) = s**3 + s**2 + 2*s + 33. Let w be b(x). Calculate the greatest common factor of w and 3.
3
Suppose 5*b - 2*c - 215 = -6*c, b + 4*c = 43. Suppose -4*u + 12 = 0, 5*u - b = 3*x - 406. Let s = 20 + -6. Calculate the highest common divisor of x and s.
14
Let u be (-2)/(-4) + (-63)/(-18). Suppose -402 - 174 = -4*s. Suppose s = 5*r - 4*n, -r - n - u = -31. Calculate the highest common factor of r and 224.
28
Let f be -3 - 0 - ((-1449)/15 - 8/20). What is the greatest common divisor of f and 2538?
94
Suppose 3*k + 3331 = -g + 4375 + 15404, 5*k = 0. What is the highest common divisor of g and 64?
64
Let v be (4/5)/(34/255). Let b be (32/v)/(8/12). Suppose 5*u - b = -4*k + 6*u, 0 = 2*k - u - 6. What is the greatest common divisor of k and 3?
1
Let n(x) = -x**3 + 7*x**2 + 15*x + 9. Let h be n(7). Suppose -h*a - 84 = -115*a. Suppose -56 = -3*b + 28. What is the highest common factor of a and b?
